1670) + (-9)/6). Let l(n) be the second derivative of -n**3/2 + 3*n**2 + n. Determine l(r).
-12
Let r(v) = -32 + 41 - 2*v - 17. Give r(-13).
18
Let c(j) = j**2 - 6*j + 1. Let q(g) = -2*g + 21. Let i = -23 - -36. Let k = i - 6. Let y be q(k). Give c(y).
8
Let h(t) = -6*t + 1 - 1 - 3 - 2. Let l be h(-2). Let d(z) = -7 + 13 - z**2 - 6*z - l. Determine d(-4).
7
Let d(v) = 2*v - 1. Let g(j) = -26 + j**2 - j**2 + 8*j**2 + j**3 + 32. Let h be g(-8). Calculate d(h).
11
Let y(n) = n**2 + 71*n - 2646. Let w be y(27). Let t(v) = 3 - 40 + v + 6*v**3 - 11*v**3 + v**2 + 4*v**3. Determine t(w).
-37
Let l(v) = -v**2 + 27*v - 52. Suppose 2*h - 4*x - 26 - 40 = 0, 4*x - 59 = -3*h. What is l(h)?
-2
Let c(h) = -h**3 + 5*h**2 + 5*h - 8. Let m = 191 + -191. Suppose 6*g - 6 - 30 = m. Determine c(g).
-14
Let o be (483/147)/23 - 86/14. Let s(h) = -4*h - 18. What is s(o)?
6
Let a(f) = f**3 + 5*f**2 - 5*f + 1. Let j be a(-6). Let c(q) be the third derivative of q**6/120 + q**5/10 + q**4/4 - q**3 + 6121*q**2. What is c(j)?
-11
Let k(m) = 2*m - 4. Suppose 0 = -7*c - 6 - 36. Let z be c/8 - (-2030)/40. Let d = z - 46. What is k(d)?
4
Let y(a) = -a**2 + 260*a - 769. Let t be y(3). Let g(p) = -4*p**3 + 5*p**2 + 3*p - 2. What is g(t)?
-8
Let t(m) = 13*m**3 + 100*m**2 + 68*m - 43. Let l(g) = 18*g**3 + 135*g**2 + 91*g - 57. Let u(n) = 8*l(n) - 11*t(n). What is u(21)?
38
Let k be 1*(314 - -2*5/(-10)). Let z(h) = -306*h - k*h + 618*h. What is z(1)?
-1
Suppose x - 2*x = 8. Suppose 3*c - 7 - 11 = 0. Let y(b) = -b**2 - 4*b - 6. Let d(j) = -j - 1. Let a(p) = c*d(p) + y(p). Calculate a(x).
4
Let r(i) be the first derivative of -3*i**3 + 77*i**2 - 12*i + 14513. Give r(17).
5
Let b = -352 + 355. Suppose 2*w = -2*l - 2, -11 + 8 = b*l - 5*w. Let y(j) = -27*j**3 - j**2 - j. Determine y(l).
27
Suppose -14*m - 245 = -161. Let j(i) = i**2 + 6*i - 8. Calculate j(m).
-8
Let l(i) = i**3 - 20*i**2 - 20*i - 6. Let f be 13 - 8/(3 - 4). What is l(f)?
15
Let s = 427 + -436. Let z(f) = -f**3 - 7*f**2 + 23*f + 41. Give z(s).
-4
Let o(d) be the first derivative of -d**4/4 - 3*d**3 + d**2 - 207. Let l(z) = z**2. Let v(j) = 5*l(j) + o(j). What is v(-4)?
-8
Let f be 3/(-12) - 22/8. Let i(h) = -h**2 - 28*h + 2. Let p(r) = 3*r**2 + 57*r - 7. Let y(a) = -2*i(a) - p(a). Give y(f).
-3
Suppose -6 = -85*b + 79*b. Let p(v) = 4*v**3 + 18*v**2 + 11*v + 8. Let r(g) = -g**3 - 2*g**2 - 1. Let q(n) = b*p(n) + 3*r(n). What is q(-11)?
5
Let j(w) = -19*w - 132. Let k be j(-7). Let y be 11/(k - 2) - (0 - 4). Let i(n) = -n**2 - 3*n + 9. Calculate i(y).
-19
Let h(j) = j**3 - 5*j**2 + j - 3. Let o be (61/2)/(1 + (-18)/12). Let g = o + 64. Suppose 28 = 5*v + g. Give h(v).
2
Let g(z) = 5 + 2*z**2 + z**2 + 7*z - 3*z - 4*z**2. Let h be 4/42 + 410/105. What is g(h)?
5
Let h = -108 - -103. Let u(x) = x**3 + 4*x**2 - 3*x - 19. Let v(l) = l + 5. Let k(t) = h*v(t) - u(t). Calculate k(-5).
29
Let k(d) be the first derivative of d**4/12 + d**3/3 - 2*d**2 - 15*d + 11. Let t(j) be the first derivative of k(j). Give t(-3).
-1
Let x = -1 - -12. Let a(h) = 2*h - 19. Let p(t) = t + 2 - 13 + 2 - 1. Let d(b) = 3*a(b) - 5*p(b). What is d(x)?
4
Suppose -g + 2*g = 2. Let c(u) be the third derivative of 1/20*u**5 + 1/3*u**3 - 1/12*u**4 + 3*u**2 + 10*u + 0. Calculate c(g).
10
Let d be 21 + 0/(-1 - 0). Let t be ((-22)/6 - -3)/(10/435). Let p = t + d. Let w(s) = s + 7. Give w(p).
-1
Let u(k) = -k**3 + 48*k**2 - 44*k - 146. Let r be u(47). Let q(t) = -4*t**2 - 6*t - 40. What is q(r)?
-110
Let r(v) = 5*v + 20. Let s = 356 + -359. Let l be r(s). Let a(f) = f**3 - 4*f**2 - 4*f - 4. Determine a(l).
1
Let i(r) be the first derivative of r**4/4 + 8*r**3 - 25*r**2/2 + 25*r + 10555. Determine i(-25).
25
Let f(o) = 6*o + 216. Let a(t) = -t**3 + 13*t**2 - 31*t - 27. Let s be a(10). Let l be f(s). Let g(y) = y - 6*y**2 - 2 + y - 5*y - y**3. Calculate g(l).
16
Let y(s) = 5*s**3 - 5*s**2 - 8. Let z(x) = -12*x**3 + 6*x**2 - x + 17. Let c(n) = -5*y(n) - 2*z(n). Give c(13).
32
Let u(m) = 5*m**3 - 17*m**2 + 4*m - 1. Let s be u(3). Let z(x) = -x**2 + x + 53. Give z(s).
-3
Let f(p) = -57*p**2 + 51*p - 51. Let m(y) = -31*y**2 + 26*y - 24. Let h(s) = 6*f(s) - 11*m(s). What is h(15)?
33
Let n(t) = -t**3 + 12*t**2 + 9*t + 18. Let i(x) = 46*x**2 + 39*x - 38. Let w be i(1). Suppose w + 70 = 9*v. What is n(v)?
-34
Let f(s) = s**3 + 7*s**2 + 12*s + 6. Let v be f(-3). Let d(l) be the second derivative of l**4/12 - 5*l**3/3 + l**2/2 + 3*l - 15. Determine d(v).
-23
Suppose 0 = -19*h - 5*h + 168. Let o(u) = 2*u**2 - u + 3. Let k(v) = -5*v**2 + 4*v - 7. Let y(s) = h*o(s) + 3*k(s). Determine y(4).
4
Suppose -3*i + 95 = -5*o, -93 = 5*i + 2*o - 272. Let v = -26 + i. Suppose 15*l - v*l - 18 = 0. Let g(k) = k**2 + 2*k + 2. Calculate g(l).
17
Suppose x + 8 = 2. Let o(u) be the first derivative of 9*u + 4 - 1/4*u**4 - 5/3*u**3 + 4*u**2. Calculate o(x).
-3
Suppose 4*i + 112 = 132. Let s(p) = -i - 90*p**2 + 89*p**2 - 3*p + 3. What is s(-5)?
-12
Let n(x) be the third derivative of -1/3*x**3 - 1/30*x**5 + 1/12*x**4 + 71*x**2 + 0*x - 1/60*x**6 + 0. Give n(2).
-22
Let l(b) = -b + 6. Let a(t) = 2*t - 11. Let q(z) = 4*z + 32. Let r be -1*((-6)/(-24) + (-105)/(-12)). Let j be q(r). Let n(v) = j*a(v) - 7*l(v). What is n(-2)?
4
Let y be -31 + 37 + -3 + 1/(1/(-7)). Let z(q) = -35*q - 134. Determine z(y).
6
Let s(f) = -3*f**2 - 10 + 12*f + 2*f**3 - 6*f**3 + 3*f**3 + 22*f**2 - 10*f**2. Calculate s(10).
10
Let o(c) = -c**2 + 83*c - 411. Let h be o(45). Let y = 1304 - h. Let j(q) be the first derivative of q**3/3 - 3*q**2 - 6*q - 1. Calculate j(y).
-11
Let d(f) be the first derivative of f**7/840 - f**6/90 + f**5/60 + f**4/24 + f**3/3 - 51*f - 96. Let c(k) be the third derivative of d(k). Calculate c(3).
-2
Let a(v) = v**3 + 18*v**2 + 5. Suppose -r - 48 = 176. Let f = r + 206. Calculate a(f).
5
Let r be 1/6 + 35/6. Let h = -13 + r. Let j(q) be the second derivative of q**4/12 + 4*q**3/3 + q**2 + 3*q + 318. Determine j(h).
-5
Suppose 23*v = -207 - 207. Let f(p) = p + 18. Give f(v).
0
Let y be 168/(-15) + (-1)/(-5). Let a = 37 + y. Let b = a - 30. Let i(l) = l**2 + 4*l. Give i(b).
0
Let l be (24/(-18))/((-1)/3). Suppose l*j - 35 = -j. Let p(c) = -j*c + 3*c + 2 + c. What is p(2)?
-4
Let l(o) = -o**2 + 6*o - 1. Let m(d) = 22*d - 44 - 31*d**2 - 16*d**2 + 48*d**2. Let p be m(-24). Determine l(p).
7
Suppose -61 = 9*q - 79. Suppose 12*b - q*b = -40. Let u(v) = v**2 + 4*v + 5. What is u(b)?
5
Let f(o) = 2*o**2 - 1 - 146049*o + 146049*o + 0*o**2. Determine f(2).
7
Let c(o) = 13*o**2 + o**3 - 6*o**2 + o**2 + 2 - 8. Suppose -1113*d - 32 = -1109*d. What is c(d)?
-6
Let j = -19 + 24. Suppose 13 = -j*h + 13. Let c(u) be the third derivative of -u**6/120 + u**4/24 + u**3 - 4*u**2. What is c(h)?
6
Let u(k) be the second derivative of -k**6/180 + k**5/60 - k**4/24 - 37*k**3/2 + 98*k. Let r(a) be the second derivative of u(a). Let s = -3 + 5. Give r(s).
-5
Let l = -81 - -84. Let g(r) = -24*r + r**l + 16*r - r**2 - 13 + 9*r. Suppose -2*a = 2*a. Determine g(a).
-13
Let m(p) be the third derivative of p**7/2520 - 7*p**6/720 + p**5/20 + 115*p**4/24 - 115*p**2. Let z(u) be the second derivative of m(u). What is z(7)?
6
Let a be -3 + 1/(1526/509 + -3). Let j be ((-1 - 1)/(-2))/((-8)/a). Let z = j + -60. Let p(w) = w**2 - w + 4. Determine p(z).
16
Let k(o) = o**3 + 28*o**2 - 30*o - 34. Let d(f) = -1029*f - 6203. Let m be d(-6). Determine k(m).
-5
Let r be 19/(-4) - -5 - (-495)/4. Let m(d) = 70*d**2 - d**3 - r*d**2 + 49*d**2 + 5*d - 5. Give m(-6).
1
Let c(s) be the second derivative of -s**3/6 + s**2 - 75*s. Let g(u) = 5*u - 34. Let d(f) = 4*c(f) + g(f). Determine d(0).
-26
Let b(t) = 16*t**3 - 4*t**3 - 11*t**2 - 5*t + 5*t**2 - 13*t**3 - 1. Give b(-5).
-1
Let b(p) = 338*p - 4394. Let q be b(13). Let m(f) be the second derivative of -7/2*f**2 + 26*f - 1/6*f**3 + q. What is m(5)?
-12
Let d(y) be the second derivative of -5*y**3/3 + 2*y**2 + 3*y. Let v be 4/(-26) + (4860/156)/27. Calculate d(v).
-6
Let r(d) = d**2 - 17*d + 14. Let a = -36 + 53. Let s be r(a). Let x = -10 + s. Let j(g) = -g**2 + 8*g - 3. What is j(x)?
13
Let g(a) be the second derivative of a**4/12 - 5*a**2 + 2*a + 4286. Suppose 4 = 3*j - 17. Give g(j).
39
Let n be (-4)/30 - (-2409)/(-495). Let b(a) = 3*a**2 - 4*a + 7. Let g(i) = 2*i**2 - 3*i + 6. Let m(z) = n*b(z) + 